4?
2, 3, 37, 1021243
What are the prime factors of 2960183442?
2, 3, 493363907
List the prime factors of 5916727155.
3, 5, 173, 1259, 1811
List the prime factors of 974535103.
367, 2655409
What are the prime factors of 2624080248?
2, 3, 223, 163433
What are the prime factors of 1267456052?
2, 163, 1943951
What are the prime factors of 290489256?
2, 3, 4034573
List the prime factors of 775279869.
3, 7, 13, 2839853
What are the prime factors of 695767049?
1009, 689561
List the prime factors of 87469637.
87469637
What are the prime factors of 288762524?
2, 72190631
What are the prime factors of 456483561?
3, 2293, 66359
List the prime factors of 6868420.
2, 5, 13, 26417
What are the prime factors of 7784783612?
2, 31, 62780513
What are the prime factors of 1899514442?
2, 7, 29, 109, 42923
List the prime factors of 682403959.
29, 41, 139, 4129
What are the prime factors of 95880947?
95880947
What are the prime factors of 352999568?
2, 22062473
What are the prime factors of 675039789?
3, 3253, 23057
List the prime factors of 140423940.
2, 3, 5, 157, 4969
List the prime factors of 584905503.
3, 7, 13, 349, 877
What are the prime factors of 2287547929?
73, 31336273
What are the prime factors of 1623966328?
2, 19, 10683989
What are the prime factors of 3116644?
2, 17, 45833
List the prime factors of 210378568.
2, 313, 84017
List the prime factors of 215244138.
2, 3, 35874023
List the prime factors of 53285053.
1811, 29423
List the prime factors of 7122573356.
2, 347, 769, 6673
What are the prime factors of 151136124?
2, 3, 12594677
List the prime factors of 60554076.
2, 3, 11, 283, 1621
What are the prime factors of 1758046094?
2, 7, 125574721
What are the prime factors of 147935231?
147935231
What are the prime factors of 910361407?
17, 31, 1727441
List the prime factors of 25185463.
25185463
List the prime factors of 185251593.
3, 61750531
List the prime factors of 451213458.
2, 3, 359, 209477
List the prime factors of 600824166.
2, 3, 17, 1699, 3467
List the prime factors of 25495179.
3, 401, 21193
What are the prime factors of 11409561?
3, 839, 1511
What are the prime factors of 2570323338?
2, 3, 11, 12981431
What are the prime factors of 3852018495?
3, 5, 13, 23, 286289
What are the prime factors of 791196778?
2, 47, 1181, 7127
List the prime factors of 285595599.
3, 2161, 44053
List the prime factors of 47630574.
2, 3, 139, 19037
What are the prime factors of 5101041963?
3, 37, 45955333
What are the prime factors of 2085115062?
2, 3, 19, 811, 1187
What are the prime factors of 52158764?
2, 7, 919, 2027
List the prime factors of 61659993.
3, 20553331
What are the prime factors of 1955123831?
1955123831
List the prime factors of 2297053173.
3, 1447, 529153
List the prime factors of 386493339.
3, 313, 523, 787
List the prime factors of 4053785984.
2, 53, 597551
What are the prime factors of 966877516?
2, 11, 17, 29, 53
What are the prime factors of 8473502465?
5, 53, 31975481
What are the prime factors of 2213221818?
2, 3, 368870303
What are the prime factors of 3145244325?
3, 5, 19, 751, 2939
List the prime factors of 4691785.
5, 7, 37, 3623
What are the prime factors of 2180932007?
43, 50719349
List the prime factors of 121319300.
2, 5, 37, 32789
What are the prime factors of 1039472215?
5, 207894443
What are the prime factors of 18483952?
2, 1155247
List the prime factors of 1637324894.
2, 71, 127, 163, 557
What are the prime factors of 112494955?
5, 23, 978217
List the prime factors of 149204387.
37, 503, 8017
What are the prime factors of 6962026?
2, 179, 19447
What are the prime factors of 50023050?
2, 3, 5, 7, 11, 61, 71
List the prime factors of 1050730970.
2, 5, 19, 5530163
List the prime factors of 6138171.
3, 13, 23, 2281
List the prime factors of 396624860.
2, 5, 19831243
What are the prime factors of 58783814?
2, 23, 1277909
List the prime factors of 130893360.
2, 3, 5, 13, 41953
What are the prime factors of 220130951?
220130951
List the prime factors of 61337203.
941, 65183
What are the prime factors of 234937349?
47, 4998667
List the prime factors of 106283021.
13, 211, 38747
What are the prime factors of 32878651?
13, 109, 23203
List the prime factors of 98794657.
13, 109, 113, 617
What are the prime factors of 68991701?
68991701
List the prime factors of 6966381017.
97, 3923, 18307
List the prime factors of 1523969168.
2, 95248073
List the prime factors of 45099039.
3, 15033013
List the prime factors of 1079420953.
13, 83032381
List the prime factors of 1043371707.
3, 7, 49684367
List the prime factors of 15211894.
2, 19, 400313
List the prime factors of 91762214.
2, 5807, 7901
What are the prime factors of 845802490?
2, 5, 13, 139, 46807
List the prime factors of 2125962427.
23, 92433149
What are the prime factors of 2641272521?
41, 151, 426631
List the prime factors of 375744133.
19, 491, 40277
List the prime factors of 32185688.
2, 31, 233, 557
What are the prime factors of 959418790?
2, 5, 11, 8721989
What are the prime factors of 1024355489?
613, 1671053
List the prime factors of 745222319.
17, 71, 509, 1213
What are the prime factors of 1013063214?
2, 3, 137, 1232437
What are the prime factors of 2553577648?
2, 103, 1549501
List the prime factors of 1281623091.
3, 7, 3359, 18169
What are the prime factors of 901729125?
3, 5, 11, 107, 227
What are the prime factors of 41142928?
2, 191, 13463
What are the prime factors of 23159696?
2, 7, 206783
List the prime factors of 684120213.
3, 7, 19, 81647
List the prime factors of 32440141.
1663, 19507
List the prime factors of 7866299884.
2, 1966574971
What are the prime factors of 50340257?
11, 113, 40499
What are the prime factors of 1282674253?
7, 53, 3457343
List the prime factors of 1070246554.
2, 13, 19, 167, 12973
What are the prime factors of 1532121714?
2, 3, 1567, 54319
What are the prime factors of 127167761?
7, 983, 18481
What are the prime factors of 797184917?
281, 563, 5039
List the prime factors of 1463782834.
2, 463, 1580759
What are the prime factors of 1076555973?
3, 139, 2581669
List the prime factors of 191947752.
2, 3, 29, 30643
List the prime factors of 40230934.
2, 20115467
What are the prime factors of 2633034526?
2, 23, 29, 103, 19163
List the prime factors of 5667628693.
19, 298296247
What are the prime factors of 98605838?
2, 577, 85447
What are the prime factors of 241996240?
2, 5, 3024953
List the prime factors of 72700105.
5, 61, 238361
What are the prime factors of 109245668?
2, 7, 19, 29, 73, 97
What are the prime factors of 2752204382?
2, 71, 521, 37201
List the prime factors of 544126890.
2, 3, 5, 3719, 4877
List the prime factors of 373092508.
2, 93273127
List the prime factors of 599121896.
2, 5443, 13759
What are the prime factors of 76258754?
2, 11, 13, 23, 11593
What are the prime factors of 61320821?
31, 1978091
List the prime factors of 33281353.
7, 4754479
What are the prime factors of 64105834?
2, 13, 29, 85021
What are the prime factors of 1012776133?
19, 509, 104723
What are the prime factors of 32700790?
2, 5, 1217, 2687
List the prime factors of 32187455.
5, 31, 207661
What are the prime factors of 43096111?
4909, 8779
What are the prime factors of 168141761?
9931, 16931
List the prime factors of 243278764.
2, 60819691
List the prime factors of 48866680.
2, 5, 1221667
What are the prime factors of 492881495?
5, 98576299
What are the prime factors of 8322876?
2, 3, 73, 3167
List the prime factors of 59413731.
3, 13, 1523429
What are the prime factors of 285988042?
2, 17, 494789
List the prime factors of 41764759.
41764759
What are the prime factors of 73805892?
2, 3, 53, 116047
List the prime factors of 207604355.
5, 7, 19, 71, 4397
List the prime factors of 158478888.
2, 3, 1151, 5737
What are the prime factors of 145226779?
691, 210169
List the prime factors of 194112694.
2, 73, 227, 5857
List the prime factors of 156075619.
7, 53, 97, 4337
What are the prime factors of 6429248438?
2, 29, 107, 1035973
List the prime factors of 177909032.
2, 7, 349, 9103
List the prime factors of 706252064.
2, 7, 3152911
What are the prime factors of 41795487?
3, 571, 2711
List the prime factors of 837185962.
2, 418592981
What are the prime factors of 91648777?
11, 229, 36383
List the prime factors of 138253722.
2, 3, 41, 562007
List the prime facto